{"id":406,"date":"2021-12-24T12:42:11","date_gmt":"2021-12-24T11:42:11","guid":{"rendered":"https:\/\/www.ledstyl.pl\/strefa-swiatla\/?page_id=406"},"modified":"2021-12-28T21:49:55","modified_gmt":"2021-12-28T20:49:55","slug":"kontakt","status":"publish","type":"page","link":"https:\/\/www.ledstyl.pl\/strefa-swiatla\/kontakt\/","title":{"rendered":"Kontakt"},"content":{"rendered":"<h1>Kontakt<\/h1>\n<p>Je\u015bli jeste\u015b zainteresowany wsp\u00f3\u0142prac\u0105, chcesz zapyta\u0107 o produkt lub przedstawi\u0107 nam swoj\u0105 ofert\u0119, skontaktuj si\u0119 z do\u015bwiadczonym zespo\u0142em Strefy \u015awiat\u0142a LEDstyl telefonicznie lub mailowo:<\/p>\n<div class=\"su-service\"><div class=\"su-service-title\" style=\"padding-left:46px;min-height:32px;line-height:32px\"><i class=\"sui sui-phone\" style=\"font-size:32px;color:#333\"><\/i> 506 336 320<\/div><div class=\"su-service-content su-u-clearfix su-u-trim\" style=\"padding-left:46px\"><\/div><\/div>\n<div class=\"su-service\"><div class=\"su-service-title\" style=\"padding-left:46px;min-height:32px;line-height:32px\"><i class=\"sui sui-envelope-open\" style=\"font-size:32px;color:#333\"><\/i> kontakt@ledstyl.pl<\/div><div class=\"su-service-content su-u-clearfix su-u-trim\" style=\"padding-left:46px\"><\/div><\/div>\n<p>Mo\u017cesz r\u00f3wnie\u017c skorzysta\u0107 z poni\u017cszego formularza. Odpowiemy w mo\u017cliwie najkr\u00f3tszym czasie.<\/p>\n<div role=\"form\" class=\"wpcf7\" id=\"wpcf7-f494-o1\" lang=\"pl-PL\" dir=\"ltr\">\n<div class=\"screen-reader-response\"><p role=\"status\" aria-live=\"polite\" aria-atomic=\"true\"><\/p> <ul><\/ul><\/div>\n<form action=\"\/strefa-swiatla\/wp-json\/wp\/v2\/pages\/406#wpcf7-f494-o1\" method=\"post\" class=\"wpcf7-form init\" novalidate=\"novalidate\" data-status=\"init\">\n<div style=\"display: none;\">\n<input type=\"hidden\" name=\"_wpcf7\" value=\"494\" \/>\n<input type=\"hidden\" name=\"_wpcf7_version\" value=\"5.5.3\" \/>\n<input type=\"hidden\" name=\"_wpcf7_locale\" value=\"pl_PL\" \/>\n<input type=\"hidden\" name=\"_wpcf7_unit_tag\" value=\"wpcf7-f494-o1\" \/>\n<input type=\"hidden\" name=\"_wpcf7_container_post\" value=\"0\" \/>\n<input type=\"hidden\" name=\"_wpcf7_posted_data_hash\" value=\"\" \/>\n<input type=\"hidden\" name=\"_wpcf7_recaptcha_response\" value=\"\" \/>\n<\/div>\n<p><label> Twoje imi\u0119 i nazwisko<br \/>\n    <span class=\"wpcf7-form-control-wrap your-name\"><input type=\"text\" name=\"your-name\" value=\"\" size=\"40\" class=\"wpcf7-form-control wpcf7-text wpcf7-validates-as-required\" aria-required=\"true\" aria-invalid=\"false\" \/><\/span> <\/label><\/p>\n<p><label> Tw\u00f3j adres e-mail<br \/>\n    <span class=\"wpcf7-form-control-wrap your-email\"><input type=\"email\" name=\"your-email\" value=\"\" size=\"40\" class=\"wpcf7-form-control wpcf7-text wpcf7-email wpcf7-validates-as-required wpcf7-validates-as-email\" aria-required=\"true\" aria-invalid=\"false\" \/><\/span> <\/label><\/p>\n<p><label> Temat<br \/>\n    <span class=\"wpcf7-form-control-wrap your-subject\"><input type=\"text\" name=\"your-subject\" value=\"\" size=\"40\" class=\"wpcf7-form-control wpcf7-text wpcf7-validates-as-required\" aria-required=\"true\" aria-invalid=\"false\" \/><\/span> <\/label><\/p>\n<p><label> Twoja wiadomo\u015b\u0107<br \/>\n    <span class=\"wpcf7-form-control-wrap your-message\"><textarea name=\"your-message\" cols=\"40\" rows=\"10\" class=\"wpcf7-form-control wpcf7-textarea\" aria-invalid=\"false\"><\/textarea><\/span> <\/label><\/p>\n<p><input type=\"submit\" value=\"Wy\u015blij\" class=\"wpcf7-form-control has-spinner wpcf7-submit\" \/><\/p>\n<div class=\"wpcf7-response-output\" aria-hidden=\"true\"><\/div><\/form><\/div>\n","protected":false},"excerpt":{"rendered":"<p>Kontakt Je\u015bli jeste\u015b zainteresowany wsp\u00f3\u0142prac\u0105, chcesz zapyta\u0107 o produkt lub przedstawi\u0107 nam swoj\u0105 ofert\u0119, skontaktuj si\u0119 z do\u015bwiadczonym zespo\u0142em Strefy \u015awiat\u0142a LEDstyl telefonicznie lub mailowo: Mo\u017cesz r\u00f3wnie\u017c skorzysta\u0107 z poni\u017cszego formularza. Odpowiemy w mo\u017cliwie najkr\u00f3tszym czasie.<\/p>\n","protected":false},"author":1,"featured_media":0,"parent":0,"menu_order":0,"comment_status":"closed","ping_status":"closed","template":"","meta":{"footnotes":""},"class_list":["post-406","page","type-page","status-publish","hentry","entry"],"yoast_head":"<!-- This site is optimized with the Yoast SEO plugin v17.8 - https:\/\/yoast.com\/wordpress\/plugins\/seo\/ -->\r\n<title>Kontakt - Strefa \u015awiat\u0142a LEDstyl<\/title>\r\n<meta name=\"description\" content=\"Masz problem z wyborem o\u015bwietlenia LED do swojego wn\u0119trza? Skontaktuj si\u0119 z do\u015bwiadczonym zespo\u0142em doradc\u00f3w ze Strefy \u015awiat\u0142a LEDstyl.pl.\" \/>\r\n<meta name=\"robots\" content=\"index, follow, max-snippet:-1, max-image-preview:large, max-video-preview:-1\" \/>\r\n<link rel=\"canonical\" href=\"https:\/\/www.ledstyl.pl\/strefa-swiatla\/kontakt\/\" \/>\r\n<meta property=\"og:locale\" content=\"pl_PL\" \/>\r\n<meta property=\"og:type\" content=\"article\" \/>\r\n<meta property=\"og:title\" content=\"Kontakt - Strefa \u015awiat\u0142a LEDstyl\" \/>\r\n<meta property=\"og:description\" content=\"Masz problem z wyborem o\u015bwietlenia LED do swojego wn\u0119trza? Skontaktuj si\u0119 z do\u015bwiadczonym zespo\u0142em doradc\u00f3w ze Strefy \u015awiat\u0142a LEDstyl.pl.\" \/>\r\n<meta property=\"og:url\" content=\"https:\/\/www.ledstyl.pl\/strefa-swiatla\/kontakt\/\" \/>\r\n<meta property=\"og:site_name\" content=\"Strefa \u015awiat\u0142a LEDstyl\" \/>\r\n<meta property=\"article:modified_time\" content=\"2021-12-28T20:49:55+00:00\" \/>\r\n<meta name=\"twitter:card\" content=\"summary_large_image\" \/>\r\n<script type=\"application\/ld+json\" class=\"yoast-schema-graph\">{\"@context\":\"https:\/\/schema.org\",\"@graph\":[{\"@type\":\"Organization\",\"@id\":\"https:\/\/www.ledstyl.pl\/strefa-swiatla\/#organization\",\"name\":\"Strefa \\u015awiat\\u0142a LEDstyl.pl\",\"url\":\"https:\/\/www.ledstyl.pl\/strefa-swiatla\/\",\"sameAs\":[],\"logo\":{\"@type\":\"ImageObject\",\"@id\":\"https:\/\/www.ledstyl.pl\/strefa-swiatla\/#logo\",\"inLanguage\":\"pl-PL\",\"url\":\"https:\/\/www.ledstyl.pl\/strefa-swiatla\/wp-content\/uploads\/2021\/12\/strefa-swiatla-ledstyl.png\",\"contentUrl\":\"https:\/\/www.ledstyl.pl\/strefa-swiatla\/wp-content\/uploads\/2021\/12\/strefa-swiatla-ledstyl.png\",\"width\":1999,\"height\":1041,\"caption\":\"Strefa \\u015awiat\\u0142a LEDstyl.pl\"},\"image\":{\"@id\":\"https:\/\/www.ledstyl.pl\/strefa-swiatla\/#logo\"}},{\"@type\":\"WebSite\",\"@id\":\"https:\/\/www.ledstyl.pl\/strefa-swiatla\/#website\",\"url\":\"https:\/\/www.ledstyl.pl\/strefa-swiatla\/\",\"name\":\"Strefa \\u015awiat\\u0142a LEDstyl\",\"description\":\"\",\"publisher\":{\"@id\":\"https:\/\/www.ledstyl.pl\/strefa-swiatla\/#organization\"},\"potentialAction\":[{\"@type\":\"SearchAction\",\"target\":{\"@type\":\"EntryPoint\",\"urlTemplate\":\"https:\/\/www.ledstyl.pl\/strefa-swiatla\/?s={search_term_string}\"},\"query-input\":\"required name=search_term_string\"}],\"inLanguage\":\"pl-PL\"},{\"@type\":\"WebPage\",\"@id\":\"https:\/\/www.ledstyl.pl\/strefa-swiatla\/kontakt\/#webpage\",\"url\":\"https:\/\/www.ledstyl.pl\/strefa-swiatla\/kontakt\/\",\"name\":\"Kontakt - Strefa \\u015awiat\\u0142a LEDstyl\",\"isPartOf\":{\"@id\":\"https:\/\/www.ledstyl.pl\/strefa-swiatla\/#website\"},\"datePublished\":\"2021-12-24T11:42:11+00:00\",\"dateModified\":\"2021-12-28T20:49:55+00:00\",\"description\":\"Masz problem z wyborem o\\u015bwietlenia LED do swojego wn\\u0119trza? Skontaktuj si\\u0119 z do\\u015bwiadczonym zespo\\u0142em doradc\\u00f3w ze Strefy \\u015awiat\\u0142a LEDstyl.pl.\",\"breadcrumb\":{\"@id\":\"https:\/\/www.ledstyl.pl\/strefa-swiatla\/kontakt\/#breadcrumb\"},\"inLanguage\":\"pl-PL\",\"potentialAction\":[{\"@type\":\"ReadAction\",\"target\":[\"https:\/\/www.ledstyl.pl\/strefa-swiatla\/kontakt\/\"]}]},{\"@type\":\"BreadcrumbList\",\"@id\":\"https:\/\/www.ledstyl.pl\/strefa-swiatla\/kontakt\/#breadcrumb\",\"itemListElement\":[{\"@type\":\"ListItem\",\"position\":1,\"name\":\"Strona g\\u0142\\u00f3wna\",\"item\":\"https:\/\/www.ledstyl.pl\/strefa-swiatla\/\"},{\"@type\":\"ListItem\",\"position\":2,\"name\":\"Kontakt\"}]}]}<\/script>\r\n<!-- \/ Yoast SEO plugin. -->","yoast_head_json":{"title":"Kontakt - Strefa \u015awiat\u0142a LEDstyl","description":"Masz problem z wyborem o\u015bwietlenia LED do swojego wn\u0119trza? Skontaktuj si\u0119 z do\u015bwiadczonym zespo\u0142em doradc\u00f3w ze Strefy \u015awiat\u0142a LEDstyl.pl.","robots":{"index":"index","follow":"follow","max-snippet":"max-snippet:-1","max-image-preview":"max-image-preview:large","max-video-preview":"max-video-preview:-1"},"canonical":"https:\/\/www.ledstyl.pl\/strefa-swiatla\/kontakt\/","og_locale":"pl_PL","og_type":"article","og_title":"Kontakt - Strefa \u015awiat\u0142a LEDstyl","og_description":"Masz problem z wyborem o\u015bwietlenia LED do swojego wn\u0119trza? Skontaktuj si\u0119 z do\u015bwiadczonym zespo\u0142em doradc\u00f3w ze Strefy \u015awiat\u0142a LEDstyl.pl.","og_url":"https:\/\/www.ledstyl.pl\/strefa-swiatla\/kontakt\/","og_site_name":"Strefa \u015awiat\u0142a LEDstyl","article_modified_time":"2021-12-28T20:49:55+00:00","twitter_card":"summary_large_image","schema":{"@context":"https:\/\/schema.org","@graph":[{"@type":"Organization","@id":"https:\/\/www.ledstyl.pl\/strefa-swiatla\/#organization","name":"Strefa \u015awiat\u0142a LEDstyl.pl","url":"https:\/\/www.ledstyl.pl\/strefa-swiatla\/","sameAs":[],"logo":{"@type":"ImageObject","@id":"https:\/\/www.ledstyl.pl\/strefa-swiatla\/#logo","inLanguage":"pl-PL","url":"https:\/\/www.ledstyl.pl\/strefa-swiatla\/wp-content\/uploads\/2021\/12\/strefa-swiatla-ledstyl.png","contentUrl":"https:\/\/www.ledstyl.pl\/strefa-swiatla\/wp-content\/uploads\/2021\/12\/strefa-swiatla-ledstyl.png","width":1999,"height":1041,"caption":"Strefa \u015awiat\u0142a LEDstyl.pl"},"image":{"@id":"https:\/\/www.ledstyl.pl\/strefa-swiatla\/#logo"}},{"@type":"WebSite","@id":"https:\/\/www.ledstyl.pl\/strefa-swiatla\/#website","url":"https:\/\/www.ledstyl.pl\/strefa-swiatla\/","name":"Strefa \u015awiat\u0142a LEDstyl","description":"","publisher":{"@id":"https:\/\/www.ledstyl.pl\/strefa-swiatla\/#organization"},"potentialAction":[{"@type":"SearchAction","target":{"@type":"EntryPoint","urlTemplate":"https:\/\/www.ledstyl.pl\/strefa-swiatla\/?s={search_term_string}"},"query-input":"required name=search_term_string"}],"inLanguage":"pl-PL"},{"@type":"WebPage","@id":"https:\/\/www.ledstyl.pl\/strefa-swiatla\/kontakt\/#webpage","url":"https:\/\/www.ledstyl.pl\/strefa-swiatla\/kontakt\/","name":"Kontakt - Strefa \u015awiat\u0142a LEDstyl","isPartOf":{"@id":"https:\/\/www.ledstyl.pl\/strefa-swiatla\/#website"},"datePublished":"2021-12-24T11:42:11+00:00","dateModified":"2021-12-28T20:49:55+00:00","description":"Masz problem z wyborem o\u015bwietlenia LED do swojego wn\u0119trza? Skontaktuj si\u0119 z do\u015bwiadczonym zespo\u0142em doradc\u00f3w ze Strefy \u015awiat\u0142a LEDstyl.pl.","breadcrumb":{"@id":"https:\/\/www.ledstyl.pl\/strefa-swiatla\/kontakt\/#breadcrumb"},"inLanguage":"pl-PL","potentialAction":[{"@type":"ReadAction","target":["https:\/\/www.ledstyl.pl\/strefa-swiatla\/kontakt\/"]}]},{"@type":"BreadcrumbList","@id":"https:\/\/www.ledstyl.pl\/strefa-swiatla\/kontakt\/#breadcrumb","itemListElement":[{"@type":"ListItem","position":1,"name":"Strona g\u0142\u00f3wna","item":"https:\/\/www.ledstyl.pl\/strefa-swiatla\/"},{"@type":"ListItem","position":2,"name":"Kontakt"}]}]}},"_links":{"self":[{"href":"https:\/\/www.ledstyl.pl\/strefa-swiatla\/wp-json\/wp\/v2\/pages\/406","targetHints":{"allow":["GET"]}}],"collection":[{"href":"https:\/\/www.ledstyl.pl\/strefa-swiatla\/wp-json\/wp\/v2\/pages"}],"about":[{"href":"https:\/\/www.ledstyl.pl\/strefa-swiatla\/wp-json\/wp\/v2\/types\/page"}],"author":[{"embeddable":true,"href":"https:\/\/www.ledstyl.pl\/strefa-swiatla\/wp-json\/wp\/v2\/users\/1"}],"replies":[{"embeddable":true,"href":"https:\/\/www.ledstyl.pl\/strefa-swiatla\/wp-json\/wp\/v2\/comments?post=406"}],"version-history":[{"count":5,"href":"https:\/\/www.ledstyl.pl\/strefa-swiatla\/wp-json\/wp\/v2\/pages\/406\/revisions"}],"predecessor-version":[{"id":513,"href":"https:\/\/www.ledstyl.pl\/strefa-swiatla\/wp-json\/wp\/v2\/pages\/406\/revisions\/513"}],"wp:attachment":[{"href":"https:\/\/www.ledstyl.pl\/strefa-swiatla\/wp-json\/wp\/v2\/media?parent=406"}],"curies":[{"name":"wp","href":"https:\/\/api.w.org\/{rel}","templated":true}]}}

<h1>Kontakt</h1>
<p>Jeśli jesteś zainteresowany współpracą, chcesz zapytać o produkt lub przedstawić nam swoją ofertę, skontaktuj się z doświadczonym zespołem Strefy Światła LEDstyl telefonicznie lub mailowo:</p>
<div class="su-service"><div class="su-service-title" style="padding-left:46px;min-height:32px;line-height:32px"><i class="sui sui-phone" style="font-size:32px;color:#333"></i> 506 336 320</div><div class="su-service-content su-u-clearfix su-u-trim" style="padding-left:46px"></div></div>
<div class="su-service"><div class="su-service-title" style="padding-left:46px;min-height:32px;line-height:32px"><i class="sui sui-envelope-open" style="font-size:32px;color:#333"></i> kontakt@ledstyl.pl</div><div class="su-service-content su-u-clearfix su-u-trim" style="padding-left:46px"></div></div>
<p>Możesz również skorzystać z poniższego formularza. Odpowiemy w możliwie najkrótszym czasie.</p>
<div role="form" class="wpcf7" id="wpcf7-f494-o1" lang="pl-PL" dir="ltr">
<div class="screen-reader-response"><p role="status" aria-live="polite" aria-atomic="true"></p> <ul></ul></div>
<form action="/strefa-swiatla/wp-json/wp/v2/pages/406#wpcf7-f494-o1" method="post" class="wpcf7-form init" novalidate="novalidate" data-status="init">
<div style="display: none;">
<input type="hidden" name="_wpcf7" value="494" />
<input type="hidden" name="_wpcf7_version" value="5.5.3" />
<input type="hidden" name="_wpcf7_locale" value="pl_PL" />
<input type="hidden" name="_wpcf7_unit_tag" value="wpcf7-f494-o1" />
<input type="hidden" name="_wpcf7_container_post" value="0" />
<input type="hidden" name="_wpcf7_posted_data_hash" value="" />
<input type="hidden" name="_wpcf7_recaptcha_response" value="" />
</div>
<p><label> Twoje imię i nazwisko<br />
    <span class="wpcf7-form-control-wrap your-name"><input type="text" name="your-name" value="" size="40" class="wpcf7-form-control wpcf7-text wpcf7-validates-as-required" aria-required="true" aria-invalid="false" /></span> </label></p>
<p><label> Twój adres e-mail<br />
    <span class="wpcf7-form-control-wrap your-email"><input type="email" name="your-email" value="" size="40" class="wpcf7-form-control wpcf7-text wpcf7-email wpcf7-validates-as-required wpcf7-validates-as-email" aria-required="true" aria-invalid="false" /></span> </label></p>
<p><label> Temat<br />
    <span class="wpcf7-form-control-wrap your-subject"><input type="text" name="your-subject" value="" size="40" class="wpcf7-form-control wpcf7-text wpcf7-validates-as-required" aria-required="true" aria-invalid="false" /></span> </label></p>
<p><label> Twoja wiadomość<br />
    <span class="wpcf7-form-control-wrap your-message"><textarea name="your-message" cols="40" rows="10" class="wpcf7-form-control wpcf7-textarea" aria-invalid="false"></textarea></span> </label></p>
<p><input type="submit" value="Wyślij" class="wpcf7-form-control has-spinner wpcf7-submit" /></p>
<div class="wpcf7-response-output" aria-hidden="true"></div></form></div>

<p>Kontakt Jeśli jesteś zainteresowany współpracą, chcesz zapytać o produkt lub przedstawić nam swoją ofertę, skontaktuj się z doświadczonym zespołem Strefy Światła LEDstyl telefonicznie lub mailowo: Możesz również skorzystać z poniższego formularza. Odpowiemy w możliwie najkrótszym czasie.</p>

<!-- This site is optimized with the Yoast SEO plugin v17.8 - https://yoast.com/wordpress/plugins/seo/ -->
<title>Kontakt - Strefa Światła LEDstyl</title>
<meta name="description" content="Masz problem z wyborem oświetlenia LED do swojego wnętrza? Skontaktuj się z doświadczonym zespołem doradców ze Strefy Światła LEDstyl.pl." />
<meta name="robots" content="index, follow, max-snippet:-1, max-image-preview:large, max-video-preview:-1" />
<link rel="canonical" href="https://www.ledstyl.pl/strefa-swiatla/kontakt/" />
<meta property="og:locale" content="pl_PL" />
<meta property="og:type" content="article" />
<meta property="og:title" content="Kontakt - Strefa Światła LEDstyl" />
<meta property="og:description" content="Masz problem z wyborem oświetlenia LED do swojego wnętrza? Skontaktuj się z doświadczonym zespołem doradców ze Strefy Światła LEDstyl.pl." />
<meta property="og:url" content="https://www.ledstyl.pl/strefa-swiatla/kontakt/" />
<meta property="og:site_name" content="Strefa Światła LEDstyl" />
<meta property="article:modified_time" content="2021-12-28T20:49:55+00:00" />
<meta name="twitter:card" content="summary_large_image" />
<script type="application/ld+json" class="yoast-schema-graph">{"@context":"https://schema.org","@graph":[{"@type":"Organization","@id":"https://www.ledstyl.pl/strefa-swiatla/#organization","name":"Strefa \u015awiat\u0142a LEDstyl.pl","url":"https://www.ledstyl.pl/strefa-swiatla/","sameAs":[],"logo":{"@type":"ImageObject","@id":"https://www.ledstyl.pl/strefa-swiatla/#logo","inLanguage":"pl-PL","url":"https://www.ledstyl.pl/strefa-swiatla/wp-content/uploads/2021/12/strefa-swiatla-ledstyl.png","contentUrl":"https://www.ledstyl.pl/strefa-swiatla/wp-content/uploads/2021/12/strefa-swiatla-ledstyl.png","width":1999,"height":1041,"caption":"Strefa \u015awiat\u0142a LEDstyl.pl"},"image":{"@id":"https://www.ledstyl.pl/strefa-swiatla/#logo"}},{"@type":"WebSite","@id":"https://www.ledstyl.pl/strefa-swiatla/#website","url":"https://www.ledstyl.pl/strefa-swiatla/","name":"Strefa \u015awiat\u0142a LEDstyl","description":"","publisher":{"@id":"https://www.ledstyl.pl/strefa-swiatla/#organization"},"potentialAction":[{"@type":"SearchAction","target":{"@type":"EntryPoint","urlTemplate":"https://www.ledstyl.pl/strefa-swiatla/?s={search_term_string}"},"query-input":"required name=search_term_string"}],"inLanguage":"pl-PL"},{"@type":"WebPage","@id":"https://www.ledstyl.pl/strefa-swiatla/kontakt/#webpage","url":"https://www.ledstyl.pl/strefa-swiatla/kontakt/","name":"Kontakt - Strefa \u015awiat\u0142a LEDstyl","isPartOf":{"@id":"https://www.ledstyl.pl/strefa-swiatla/#website"},"datePublished":"2021-12-24T11:42:11+00:00","dateModified":"2021-12-28T20:49:55+00:00","description":"Masz problem z wyborem o\u015bwietlenia LED do swojego wn\u0119trza? Skontaktuj si\u0119 z do\u015bwiadczonym zespo\u0142em doradc\u00f3w ze Strefy \u015awiat\u0142a LEDstyl.pl.","breadcrumb":{"@id":"https://www.ledstyl.pl/strefa-swiatla/kontakt/#breadcrumb"},"inLanguage":"pl-PL","potentialAction":[{"@type":"ReadAction","target":["https://www.ledstyl.pl/strefa-swiatla/kontakt/"]}]},{"@type":"BreadcrumbList","@id":"https://www.ledstyl.pl/strefa-swiatla/kontakt/#breadcrumb","itemListElement":[{"@type":"ListItem","position":1,"name":"Strona g\u0142\u00f3wna","item":"https://www.ledstyl.pl/strefa-swiatla/"},{"@type":"ListItem","position":2,"name":"Kontakt"}]}]}</script>
<!-- / Yoast SEO plugin. -->

Kontakt - Strefa Światła LEDstyl

Masz problem z wyborem oświetlenia LED do swojego wnętrza? Skontaktuj się z doświadczonym zespołem doradców ze Strefy Światła LEDstyl.pl.

Strefa Światła LEDstyl

Strefa Światła LEDstyl.pl

Strona główna
