{"id":408,"date":"2021-12-24T12:42:18","date_gmt":"2021-12-24T11:42:18","guid":{"rendered":"https:\/\/www.ledstyl.pl\/strefa-swiatla\/?page_id=408"},"modified":"2021-12-28T21:48:19","modified_gmt":"2021-12-28T20:48:19","slug":"o-nas","status":"publish","type":"page","link":"https:\/\/www.ledstyl.pl\/strefa-swiatla\/o-nas\/","title":{"rendered":"O nas"},"content":{"rendered":"<h1>O nas<\/h1>\n<p>Strefa \u015awiat\u0142a to przestrze\u0144 naszego sklepu LEDstyl.pl przeznaczona dla wsp\u00f3\u0142czesnych u\u017cytkownik\u00f3w o\u015bwietlenia, kt\u00f3rzy chc\u0105 wybra\u0107 energooszcz\u0119dne i wyj\u0105tkowe rozwi\u0105zania do swojego domu czy firmy. LEDstyl.pl to sklep internetowy i hurtownia o\u015bwietleniowa zajmuj\u0105ca si\u0119 dystrybucj\u0105 artyku\u0142\u00f3w o\u015bwietleniowych i elektroinstalacyjnych. W naszym sklepie internetowym oferujemy szeroki asortyment produkt\u00f3w z bran\u017cy o\u015bwietlenia LED. Nasze do\u015bwiadczenie w bran\u017cy o\u015bwietleniowej si\u0119ga ju\u017c kilkunastu lat, dzi\u0119ki czemu dzi\u015b jeste\u015bmy w stanie zaproponowa\u0107 naszym klientom fachowe doradztwo techniczne.<\/p>\n<p><a href=\"https:\/\/www.ledstyl.pl\/\"><img loading=\"lazy\" decoding=\"async\" class=\"size-medium wp-image-374 aligncenter\" src=\"https:\/\/www.ledstyl.pl\/strefa-swiatla\/wp-content\/uploads\/2021\/12\/ledstyl-logo-300x300.png\" alt=\"LEDstyl.pl\" width=\"300\" height=\"300\" srcset=\"https:\/\/www.ledstyl.pl\/strefa-swiatla\/wp-content\/uploads\/2021\/12\/ledstyl-logo-300x300.png 300w, https:\/\/www.ledstyl.pl\/strefa-swiatla\/wp-content\/uploads\/2021\/12\/ledstyl-logo-150x150.png 150w, https:\/\/www.ledstyl.pl\/strefa-swiatla\/wp-content\/uploads\/2021\/12\/ledstyl-logo.png 384w\" sizes=\"auto, (max-width: 300px) 100vw, 300px\" \/><\/a><\/p>\n<p>W naszym sklepie internetowym znajd\u0105 Pa\u0144stwo szerok\u0105 gam\u0119 produkt\u00f3w o\u015bwietleniowych w bardzo atrakcyjnych cenach. Nasz\u0105 ofert\u0119 kierujemy do klient\u00f3w detalicznych, architekt\u00f3w, instalator\u00f3w, a tak\u017ce firm z bran\u017cy przemys\u0142owej.<\/p>\n","protected":false},"excerpt":{"rendered":"<p>O nas Strefa \u015awiat\u0142a to przestrze\u0144 naszego sklepu LEDstyl.pl przeznaczona dla wsp\u00f3\u0142czesnych u\u017cytkownik\u00f3w o\u015bwietlenia, kt\u00f3rzy chc\u0105 wybra\u0107 energooszcz\u0119dne i wyj\u0105tkowe rozwi\u0105zania do swojego domu czy firmy. LEDstyl.pl to sklep internetowy i hurtownia o\u015bwietleniowa zajmuj\u0105ca si\u0119 dystrybucj\u0105 artyku\u0142\u00f3w o\u015bwietleniowych i elektroinstalacyjnych. W naszym sklepie internetowym oferujemy szeroki asortyment produkt\u00f3w z bran\u017cy o\u015bwietlenia LED. Nasze do\u015bwiadczenie w [&hellip;]<\/p>\n","protected":false},"author":1,"featured_media":0,"parent":0,"menu_order":0,"comment_status":"closed","ping_status":"closed","template":"","meta":{"footnotes":""},"class_list":["post-408","page","type-page","status-publish","hentry","entry"],"yoast_head":"<!-- This site is optimized with the Yoast SEO plugin v17.8 - https:\/\/yoast.com\/wordpress\/plugins\/seo\/ -->\r\n<title>O nas - Strefa \u015awiat\u0142a LEDstyl<\/title>\r\n<meta name=\"description\" content=\"Sprawd\u017a do kogo nale\u017cy najwi\u0119ksza Strefa \u015awiat\u0142a w historii o\u015bwietlenia LED. Najwa\u017cniejsze informacje o dzia\u0142alno\u015bci sklepu LEDstyl.pl.\" \/>\r\n<meta name=\"robots\" content=\"index, follow, max-snippet:-1, max-image-preview:large, max-video-preview:-1\" \/>\r\n<link rel=\"canonical\" href=\"https:\/\/www.ledstyl.pl\/strefa-swiatla\/o-nas\/\" \/>\r\n<meta property=\"og:locale\" content=\"pl_PL\" \/>\r\n<meta property=\"og:type\" content=\"article\" \/>\r\n<meta property=\"og:title\" content=\"O nas - Strefa \u015awiat\u0142a LEDstyl\" \/>\r\n<meta property=\"og:description\" content=\"Sprawd\u017a do kogo nale\u017cy najwi\u0119ksza Strefa \u015awiat\u0142a w historii o\u015bwietlenia LED. Najwa\u017cniejsze informacje o dzia\u0142alno\u015bci sklepu LEDstyl.pl.\" \/>\r\n<meta property=\"og:url\" content=\"https:\/\/www.ledstyl.pl\/strefa-swiatla\/o-nas\/\" \/>\r\n<meta property=\"og:site_name\" content=\"Strefa \u015awiat\u0142a LEDstyl\" \/>\r\n<meta property=\"article:modified_time\" content=\"2021-12-28T20:48:19+00:00\" \/>\r\n<meta property=\"og:image\" content=\"https:\/\/www.ledstyl.pl\/strefa-swiatla\/wp-content\/uploads\/2021\/12\/ledstyl-logo-300x300.png\" \/>\r\n<meta name=\"twitter:card\" content=\"summary_large_image\" \/>\r\n<meta name=\"twitter:label1\" content=\"Szacowany czas czytania\" \/>\n\t<meta name=\"twitter:data1\" content=\"1 minuta\" \/>\r\n<script type=\"application\/ld+json\" class=\"yoast-schema-graph\">{\"@context\":\"https:\/\/schema.org\",\"@graph\":[{\"@type\":\"Organization\",\"@id\":\"https:\/\/www.ledstyl.pl\/strefa-swiatla\/#organization\",\"name\":\"Strefa \\u015awiat\\u0142a LEDstyl.pl\",\"url\":\"https:\/\/www.ledstyl.pl\/strefa-swiatla\/\",\"sameAs\":[],\"logo\":{\"@type\":\"ImageObject\",\"@id\":\"https:\/\/www.ledstyl.pl\/strefa-swiatla\/#logo\",\"inLanguage\":\"pl-PL\",\"url\":\"https:\/\/www.ledstyl.pl\/strefa-swiatla\/wp-content\/uploads\/2021\/12\/strefa-swiatla-ledstyl.png\",\"contentUrl\":\"https:\/\/www.ledstyl.pl\/strefa-swiatla\/wp-content\/uploads\/2021\/12\/strefa-swiatla-ledstyl.png\",\"width\":1999,\"height\":1041,\"caption\":\"Strefa \\u015awiat\\u0142a LEDstyl.pl\"},\"image\":{\"@id\":\"https:\/\/www.ledstyl.pl\/strefa-swiatla\/#logo\"}},{\"@type\":\"WebSite\",\"@id\":\"https:\/\/www.ledstyl.pl\/strefa-swiatla\/#website\",\"url\":\"https:\/\/www.ledstyl.pl\/strefa-swiatla\/\",\"name\":\"Strefa \\u015awiat\\u0142a LEDstyl\",\"description\":\"\",\"publisher\":{\"@id\":\"https:\/\/www.ledstyl.pl\/strefa-swiatla\/#organization\"},\"potentialAction\":[{\"@type\":\"SearchAction\",\"target\":{\"@type\":\"EntryPoint\",\"urlTemplate\":\"https:\/\/www.ledstyl.pl\/strefa-swiatla\/?s={search_term_string}\"},\"query-input\":\"required name=search_term_string\"}],\"inLanguage\":\"pl-PL\"},{\"@type\":\"ImageObject\",\"@id\":\"https:\/\/www.ledstyl.pl\/strefa-swiatla\/o-nas\/#primaryimage\",\"inLanguage\":\"pl-PL\",\"url\":\"https:\/\/www.ledstyl.pl\/strefa-swiatla\/wp-content\/uploads\/2021\/12\/ledstyl-logo.png\",\"contentUrl\":\"https:\/\/www.ledstyl.pl\/strefa-swiatla\/wp-content\/uploads\/2021\/12\/ledstyl-logo.png\",\"width\":384,\"height\":384,\"caption\":\"LEDstyl.pl\"},{\"@type\":\"WebPage\",\"@id\":\"https:\/\/www.ledstyl.pl\/strefa-swiatla\/o-nas\/#webpage\",\"url\":\"https:\/\/www.ledstyl.pl\/strefa-swiatla\/o-nas\/\",\"name\":\"O nas - Strefa \\u015awiat\\u0142a LEDstyl\",\"isPartOf\":{\"@id\":\"https:\/\/www.ledstyl.pl\/strefa-swiatla\/#website\"},\"primaryImageOfPage\":{\"@id\":\"https:\/\/www.ledstyl.pl\/strefa-swiatla\/o-nas\/#primaryimage\"},\"datePublished\":\"2021-12-24T11:42:18+00:00\",\"dateModified\":\"2021-12-28T20:48:19+00:00\",\"description\":\"Sprawd\\u017a do kogo nale\\u017cy najwi\\u0119ksza Strefa \\u015awiat\\u0142a w historii o\\u015bwietlenia LED. Najwa\\u017cniejsze informacje o dzia\\u0142alno\\u015bci sklepu LEDstyl.pl.\",\"breadcrumb\":{\"@id\":\"https:\/\/www.ledstyl.pl\/strefa-swiatla\/o-nas\/#breadcrumb\"},\"inLanguage\":\"pl-PL\",\"potentialAction\":[{\"@type\":\"ReadAction\",\"target\":[\"https:\/\/www.ledstyl.pl\/strefa-swiatla\/o-nas\/\"]}]},{\"@type\":\"BreadcrumbList\",\"@id\":\"https:\/\/www.ledstyl.pl\/strefa-swiatla\/o-nas\/#breadcrumb\",\"itemListElement\":[{\"@type\":\"ListItem\",\"position\":1,\"name\":\"Strona g\\u0142\\u00f3wna\",\"item\":\"https:\/\/www.ledstyl.pl\/strefa-swiatla\/\"},{\"@type\":\"ListItem\",\"position\":2,\"name\":\"O nas\"}]}]}<\/script>\r\n<!-- \/ Yoast SEO plugin. -->","yoast_head_json":{"title":"O nas - Strefa \u015awiat\u0142a LEDstyl","description":"Sprawd\u017a do kogo nale\u017cy najwi\u0119ksza Strefa \u015awiat\u0142a w historii o\u015bwietlenia LED. Najwa\u017cniejsze informacje o dzia\u0142alno\u015bci sklepu LEDstyl.pl.","robots":{"index":"index","follow":"follow","max-snippet":"max-snippet:-1","max-image-preview":"max-image-preview:large","max-video-preview":"max-video-preview:-1"},"canonical":"https:\/\/www.ledstyl.pl\/strefa-swiatla\/o-nas\/","og_locale":"pl_PL","og_type":"article","og_title":"O nas - Strefa \u015awiat\u0142a LEDstyl","og_description":"Sprawd\u017a do kogo nale\u017cy najwi\u0119ksza Strefa \u015awiat\u0142a w historii o\u015bwietlenia LED. Najwa\u017cniejsze informacje o dzia\u0142alno\u015bci sklepu LEDstyl.pl.","og_url":"https:\/\/www.ledstyl.pl\/strefa-swiatla\/o-nas\/","og_site_name":"Strefa \u015awiat\u0142a LEDstyl","article_modified_time":"2021-12-28T20:48:19+00:00","og_image":[{"url":"https:\/\/www.ledstyl.pl\/strefa-swiatla\/wp-content\/uploads\/2021\/12\/ledstyl-logo-300x300.png"}],"twitter_card":"summary_large_image","twitter_misc":{"Szacowany czas czytania":"1 minuta"},"schema":{"@context":"https:\/\/schema.org","@graph":[{"@type":"Organization","@id":"https:\/\/www.ledstyl.pl\/strefa-swiatla\/#organization","name":"Strefa \u015awiat\u0142a LEDstyl.pl","url":"https:\/\/www.ledstyl.pl\/strefa-swiatla\/","sameAs":[],"logo":{"@type":"ImageObject","@id":"https:\/\/www.ledstyl.pl\/strefa-swiatla\/#logo","inLanguage":"pl-PL","url":"https:\/\/www.ledstyl.pl\/strefa-swiatla\/wp-content\/uploads\/2021\/12\/strefa-swiatla-ledstyl.png","contentUrl":"https:\/\/www.ledstyl.pl\/strefa-swiatla\/wp-content\/uploads\/2021\/12\/strefa-swiatla-ledstyl.png","width":1999,"height":1041,"caption":"Strefa \u015awiat\u0142a LEDstyl.pl"},"image":{"@id":"https:\/\/www.ledstyl.pl\/strefa-swiatla\/#logo"}},{"@type":"WebSite","@id":"https:\/\/www.ledstyl.pl\/strefa-swiatla\/#website","url":"https:\/\/www.ledstyl.pl\/strefa-swiatla\/","name":"Strefa \u015awiat\u0142a LEDstyl","description":"","publisher":{"@id":"https:\/\/www.ledstyl.pl\/strefa-swiatla\/#organization"},"potentialAction":[{"@type":"SearchAction","target":{"@type":"EntryPoint","urlTemplate":"https:\/\/www.ledstyl.pl\/strefa-swiatla\/?s={search_term_string}"},"query-input":"required name=search_term_string"}],"inLanguage":"pl-PL"},{"@type":"ImageObject","@id":"https:\/\/www.ledstyl.pl\/strefa-swiatla\/o-nas\/#primaryimage","inLanguage":"pl-PL","url":"https:\/\/www.ledstyl.pl\/strefa-swiatla\/wp-content\/uploads\/2021\/12\/ledstyl-logo.png","contentUrl":"https:\/\/www.ledstyl.pl\/strefa-swiatla\/wp-content\/uploads\/2021\/12\/ledstyl-logo.png","width":384,"height":384,"caption":"LEDstyl.pl"},{"@type":"WebPage","@id":"https:\/\/www.ledstyl.pl\/strefa-swiatla\/o-nas\/#webpage","url":"https:\/\/www.ledstyl.pl\/strefa-swiatla\/o-nas\/","name":"O nas - Strefa \u015awiat\u0142a LEDstyl","isPartOf":{"@id":"https:\/\/www.ledstyl.pl\/strefa-swiatla\/#website"},"primaryImageOfPage":{"@id":"https:\/\/www.ledstyl.pl\/strefa-swiatla\/o-nas\/#primaryimage"},"datePublished":"2021-12-24T11:42:18+00:00","dateModified":"2021-12-28T20:48:19+00:00","description":"Sprawd\u017a do kogo nale\u017cy najwi\u0119ksza Strefa \u015awiat\u0142a w historii o\u015bwietlenia LED. Najwa\u017cniejsze informacje o dzia\u0142alno\u015bci sklepu LEDstyl.pl.","breadcrumb":{"@id":"https:\/\/www.ledstyl.pl\/strefa-swiatla\/o-nas\/#breadcrumb"},"inLanguage":"pl-PL","potentialAction":[{"@type":"ReadAction","target":["https:\/\/www.ledstyl.pl\/strefa-swiatla\/o-nas\/"]}]},{"@type":"BreadcrumbList","@id":"https:\/\/www.ledstyl.pl\/strefa-swiatla\/o-nas\/#breadcrumb","itemListElement":[{"@type":"ListItem","position":1,"name":"Strona g\u0142\u00f3wna","item":"https:\/\/www.ledstyl.pl\/strefa-swiatla\/"},{"@type":"ListItem","position":2,"name":"O nas"}]}]}},"_links":{"self":[{"href":"https:\/\/www.ledstyl.pl\/strefa-swiatla\/wp-json\/wp\/v2\/pages\/408","targetHints":{"allow":["GET"]}}],"collection":[{"href":"https:\/\/www.ledstyl.pl\/strefa-swiatla\/wp-json\/wp\/v2\/pages"}],"about":[{"href":"https:\/\/www.ledstyl.pl\/strefa-swiatla\/wp-json\/wp\/v2\/types\/page"}],"author":[{"embeddable":true,"href":"https:\/\/www.ledstyl.pl\/strefa-swiatla\/wp-json\/wp\/v2\/users\/1"}],"replies":[{"embeddable":true,"href":"https:\/\/www.ledstyl.pl\/strefa-swiatla\/wp-json\/wp\/v2\/comments?post=408"}],"version-history":[{"count":4,"href":"https:\/\/www.ledstyl.pl\/strefa-swiatla\/wp-json\/wp\/v2\/pages\/408\/revisions"}],"predecessor-version":[{"id":492,"href":"https:\/\/www.ledstyl.pl\/strefa-swiatla\/wp-json\/wp\/v2\/pages\/408\/revisions\/492"}],"wp:attachment":[{"href":"https:\/\/www.ledstyl.pl\/strefa-swiatla\/wp-json\/wp\/v2\/media?parent=408"}],"curies":[{"name":"wp","href":"https:\/\/api.w.org\/{rel}","templated":true}]}}